the remainder when 939 is divided by 117.
3
Calculate the remainder when 14908 is divided by 14873.
35
What is the remainder when 7277 is divided by 431?
381
What is the remainder when 112706 is divided by 404?
394
What is the remainder when 3480 is divided by 581?
575
Calculate the remainder when 4156 is divided by 635.
346
What is the remainder when 22393 is divided by 298?
43
What is the remainder when 384 is divided by 232?
152
Calculate the remainder when 23857 is divided by 251.
12
What is the remainder when 529846 is divided by 99?
97
What is the remainder when 323386 is divided by 42?
28
Calculate the remainder when 1943 is divided by 641.
20
What is the remainder when 51762 is divided by 255?
252
What is the remainder when 66898 is divided by 162?
154
Calculate the remainder when 7941 is divided by 1128.
45
What is the remainder when 24060 is divided by 27?
3
Calculate the remainder when 13184 is divided by 1315.
34
What is the remainder when 77 is divided by 13?
12
Calculate the remainder when 24595 is divided by 200.
195
Calculate the remainder when 87699 is divided by 152.
147
Calculate the remainder when 6345 is divided by 73.
67
Calculate the remainder when 868886 is divided by 167.
152
What is the remainder when 49817 is divided by 40?
17
What is the remainder when 3247137 is divided by 147597?
3
Calculate the remainder when 24557 is divided by 278.
93
Calculate the remainder when 7572 is divided by 110.
92
What is the remainder when 9800 is divided by 129?
125
Calculate the remainder when 1647 is divided by 234.
9
Calculate the remainder when 16135 is divided by 278.
11
What is the remainder when 20686 is divided by 1376?
46
What is the remainder when 1805 is divided by 64?
13
Calculate the remainder when 1011364 is divided by 9.
7
Calculate the remainder when 11697 is divided by 88.
81
Calculate the remainder when 4781 is divided by 108.
29
Calculate the remainder when 68954 is divided by 627.
611
Calculate the remainder when 31090 is divided by 14.
10
Calculate the remainder when 30846 is divided by 50.
46
Calculate the remainder when 12010669 is divided by 119.
118
Calculate the remainder when 3377 is divided by 1442.
493
What is the remainder when 28205 is divided by 3133?
8
What is the remainder when 18005 is divided by 95?
50
What is the remainder when 12718 is divided by 1390?
208
What is the remainder when 46 is divided by 13?
7
Calculate the remainder when 20030 is divided by 409.
398
Calculate the remainder when 50092 is divided by 202.
198
Calculate the remainder when 53310 is divided by 2735.
1345
What is the remainder when 111929 is divided by 46?
11
Calculate the remainder when 6723 is divided by 68.
59
What is the remainder when 95690 is divided by 1276?
1266
Calculate the remainder when 1877 is divided by 94.
91
Calculate the remainder when 602636 is divided by 810.
806
What is the remainder when 835 is divided by 759?
76
What is the remainder when 627 is divided by 427?
200
Calculate the remainder when 44911 is divided by 7472.
79
Calculate the remainder when 343036 is divided by 6237.
1
Calculate the remainder when 12384 is divided by 269.
10
Calculate the remainder when 5940 is divided by 1972.
24
What is the remainder when 37689 is divided by 6?
3
What is the remainder when 5064 is divided by 68?
32
Calculate the remainder when 43798 is divided by 43782.
16
Calculate the remainder when 13788 is divided by 60.
48
What is the remainder when 7248 is divided by 664?
608
What is the remainder when 651571 is divided by 9308?
11
What is the remainder when 395874 is divided by 52?
50
What is the remainder when 94629 is divided by 118?
111
Calculate the remainder when 124877 is divided by 925.
2
Calculate the remainder when 395231 is divided by 4879.
32
Calculate the remainder when 115197 is divided by 192.
189
What is the remainder when 9466 is divided by 233?
146
What is the remainder when 18316 is divided by 29?
17
Calculate the remainder when 6060 is divided by 1991.
87
Calculate the remainder when 1815 is divided by 79.
77
What is the remainder when 16389 is divided by 1428?
681
What is the remainder when 4850 is divided by 1687?
1476
What is the remainder when 11955 is divided by 479?
459
What is the remainder when 5543 is divided by 72?
71
Calculate the remainder when 435352 is divided by 549.
544
Calculate the remainder when 6083 is divided by 1196.
103
Calculate the remainder when 195394 is divided by 45.
4
Calculate the remainder when 11932 is divided by 103.
87
What is the remainder when 57561 is divided by 3197?
15
Calculate the remainder when 373805 is divided by 61.
58
Calculate the remainder when 4111 is divided by 2036.
39
What is the remainder when 2910 is divided by 195?
180
What is the remainder when 13089 is divided by 1437?
156
What is the remainder when 161 is divided by 16?
1
Calculate the remainder when 76372 is divided by 125.
122
What is the remainder when 269943 is divided by 134970?
3
Calculate the remainder when 2627 is divided by 12.
11
Calculate the remainder when 8024 is divided by 50.
24
What is the remainder when 95528 is divided by 21?
20
Calculate the remainder when 426461 is divided by 65.
61
What is the remainder when 59005 is divided by 5?
0
What is the remainder when 2681 is divided by 66?
41
Calculate the remainder when 579 is divided by 38.
9
What is the remainder when 29355 is divided by 29350?
5
What is the remainder when 24250 is divided by 8080?
10
Calculate the remainder when 42542 is divided by 87.
86
Calculate the remainder when 17681 is divided by 5884.
29
What is the remainder when 250417 is divided by 688?
673
What is the remainder when 19189 is divided by 19185?
4
Calculate the remainder when 1354 is divided by 139.
103
What is the remainder when 5805 is divided by 2897?
11
What is the remainder when 1112326 is divided by 63?
61
What is the remainder when 1213 is divided by 175?
163
Calculate the remainder when 13961 is divided by 28.
17
What is the remainder when 2918 is divided by 561?
113
Calculate the remainder when 120922 is divided by 12.
10
Calculate the remainder when 335593 is divided by 106.
103
Calculate the remainder when 14851 is divided by 1649.
10
Calculate the remainder when 1332 is divided by 1322.
10
Calculate the remainder when 1096565 is divided by 88.
85
What is the remainder when 14311 is divided by 14255?
56
What is the remainder when 286325 is divided by 3922?
19
What is the remainder when 1859 is divided by 861?
137
Calculate the remainder when 40009 is divided by 36.
13
Calculate the remainder when 23610 is divided by 637.
41
Calculate the remainder when 207177 is divided by 18.
15
Calculate the remainder when 2540 is divided by 2533.
7
Calculate the remainder when 22634 is divided by 388.
130
Calculate the remainder when 4084 is divided by 456.
436
What is the remainder when 643 is divided by 34?
31
Calculate the remainder when 294 is divided by 133.
28
What is the remainder when 13505192 is divided by 53?
50
What is the remainder when 49073 is divided by 44?
13
Calculate the remainder when 25532 is divided by 34.
32
What is the remainder when 4171 is divided by 28?
27
What is the remainder when 134 is divided by 49?
36
Calculate the remainder when 1733 is divided by 108.
5
Calculate the remainder when 75998 is divided by 75978.
20
Calculate the remainder when 7099 is divided by 37.
32
What is the remainder when 22130 is divided by 847?
108
What is the remainder when 15958 is divided by 3189?
13
What is the remainder when 6606 is divided by 112?
110
What is the remainder when 2011 is divided by 52?
35
Calculate the remainder when 1083 is divided by 644.
439
What is the remainder when 218935 is divided by 85?
60
What is the remainder when 21020 is divided by 4131?
365
What is the remainder when 792 is divided by 177?
84
What is the remainder when 39017 is divided by 249?
173
What is the remainder when 2978 is divided by 809?
551
Calculate the remainder when 5327 is divided by 4582.
745
Calculate the remainder when 3778 is divided by 35.
33
What is the remainder when 64347 is divided by 165?
162
What is the remainder when 973534 is divided by 24?
22
What is the remainder when 74014 is divided by 16?
14
Calculate the remainder when 4090